))?
3
(-2 - -4) + -1 + -2 + 3
2
What is the value of -6 + 0 + 4 - -3?
1
What is (-67 - -60) + (2 - (-1 - 1))?
-3
Calculate 6 + (-13 - 1 - (20 + -27)).
-1
What is the value of (5 + 1 - 10) + 3?
-1
Evaluate 3 + 7 + (7 - 19).
-2
-3 - (3 + -9 - -2)
1
Calculate 2 + (7 + -10 - (-4 - 0)).
3
What is the value of (12 - 13) + 2 + 2?
3
Evaluate (6 - -3) + -6 - 4.
-1
What is the value of 6 + 0 + -4 + 4?
6
2 - (-6 - -1 - 1)
8
What is the value of -26 - -20 - (-7 + 1)?
0
What is the value of 0 + 1 + (5 - 2)?
4
(2 - -1) + (2 - 10)
-5
-14 - (18 + -31) - (-1 + 1)
-1
What is the value of -1 + (1 + 5 - 2 - -1)?
4
-2 - 1 - (-6 - (-4 + -1))
-2
(-1 - (-2 - 0)) + (-10 - -12)
3
Calculate 8 + (-8 + 18 - 18).
0
What is the value of 4 + 11 + -6 - 6?
3
2 - -4 - (-13 + 13 + 3)
3
Calculate -3 + (14 + -8 - (-1 + 0)).
4
What is the value of (4 + -7 - -3) + (4 - 10)?
-6
Evaluate -1 + (-9 + 7 - (-1 - -1)).
-3
What is the value of -4 + -6 + (-7 - -10) - -7?
0
Evaluate -14 + -8 + 17 + 1.
-4
4 - (1 + -4 - -10)
-3
What is 22 + -2 - (8 - -5)?
7
4 + (-4 - 1) + (7 - 11)
-5
What is 1 + -1 - (17 + -20)?
3
7 + -21 + 22 + 0 + -3
5
What is -4 + (4 - 0) + -1?
-1
-2 + 0 + -3 + (-6 - -6)
-5
Calculate 0 + -4 - 0 - (-21 + 25).
-8
What is -14 - (-11 + 8 - 2)?
-9
Calculate 5 + 6 + -13 - 0.
-2
What is the value of -5 + (14 - (-8 + 16))?
1
Calculate (-3 - 0) + (-5 - (3 - 18)).
7
What is the value of (-5 - (0 - 3)) + 5 + -2?
1
Calculate 5 + (1 - -3) + -9.
0
Calculate -1 + 1 - (2 - 2 - 0).
0
-5 - (4 + -3 + -2)
-4
What is the value of (-21 - -17) + 1 + -1 + 0?
-4
What is the value of 5 - (5 + (3 - (2 + 3)))?
2
What is -3 - -1 - (1 - (1 - -2))?
0
Calculate 9 + -3 - (-3 - -13).
-4
Evaluate -1 - ((-20 - -8) + 15).
-4
3 + (-6 - 5) + 6
-2
Calculate -23 + 21 + -1 + 6.
3
Calculate -8 + -1 + (7 - 1).
-3
What is the value of (-4 - (2 + -2)) + 6?
2
Calculate (-8 - -2) + (6 - -6).
6
What is the value of -20 - -16 - (1 + -10)?
5
1 + -2 - (5 - 12 - -11)
-5
What is (-35 - -30) + (-1 - -2)?
-4
Calculate 1 + -1 + (13 - 13).
0
5 + -8 + -4 + 7
0
What is the value of -2 - -10 - 4 - (-1 + 0)?
5
What is 1 + -4 - ((-5 - -1) + -2)?
3
What is 3 + -1 + (32 - 33)?
1
Evaluate (11 + -8 - 5) + -1.
-3
Calculate 1 + (0 - 5) + (8 - 8).
-4
What is the value of 2 - 5 - (-2 + -2 + 1)?
0
What is -9 + (0 - 3) + 6 + 2?
-4
2 - (-3 - (-2 + -2 + 4))
5
Evaluate 6 + 4 + -15 + 0.
-5
What is -1 - (-4 - (0 + -12 + 4))?
-5
What is the value of (4 - 21 - -17) + 3 + 0?
3
What is the value of 2 - (0 + -3 + -1 + 2)?
4
What is 2 + (0 - (3 - 2))?
1
What is 8 + -16 + -3 + 9?
-2
2 - (0 + 8 - 4)
-2
What is 2 + (4 - (10 + -4))?
0
(4 - 2 - 3) + 6 + -2
3
What is -6 - 2 - (6 + -2 - 11)?
-1
Evaluate -11 + 1 - (-5 + 0).
-5
What is the value of (3 - -1) + -10 + -1 + 1?
-6
Calculate -6 - (-4 + -7) - 2.
3
5 - (3 + 1 + -4)
5
What is the value of -1 + (-3 - (-2 + (6 - 4)))?
-4
What is -2 - -5 - (2 + 4)?
-3
16 - 13 - (-2 + 5 - 6)
6
Evaluate 0 + (4 - (3 + -7 + 6)).
2
What is 9 + 0 + -3 - 4?
2
Calculate 10 - (-1 + (-1 - -10)).
2
Calculate (-3 + 3 - -6) + -2 + 0.
4
What is 21 + -14 - (1 - -1)?
5
-4 - -4 - (-3 - (2 + -12))
-7
What is 2 + -9 - (-25 + 24)?
-6
What is the value of (2 - 2) + -7 - -17?
10
Calculate 7 + -4 + (-5 - (-9 + 2)).
5
Evaluate (2 - (10 + -5)) + 1.
-2
Calculate 0 + 2 + 2 + (3 - 5).
2
Calculate (10 - (14 + -9)) + (1 - 2).
4
What is 11 + -8 + (-8 - (-2 + -2))?
-1
What is the value of 8 - (9 - 4 - (1 + -6))?
-2
-1 - (-9 - -1) - (0 - -2)
5
Calculate 5 + -1 + 16 + 3 + -25.
-2
Evaluate -2 - 0 - (0 + -6).
4
What is -4 + 1 + -1 - (-4 + -2)?
2
Evaluate (-1 + 0 - 7) + 3.
-5
-2 - (-12 + 3 + (1 - 0))
6
(2 - -2) + -18 + 3 + 9
-2
What is the value of 4 - (1 + -1 - (27 - 29))?
2
What is (2 - 0) + (0 - (3 + 2))?
-3
What is the value of 6 - (-7 + (12 - 0)) - -5?
6
What is the value of 1 + -8 + 18 + -4 - 8?
-1
What is (5 - 9) + (9 - 1)?
4
What is -13 + 11 - (2 + -4)?
0
What is (-23 - -13 - -3) + 0?
-7
(1 - (-15 - -22)) + 0
-6
3 - -2 - -3 - (-2 + 5)
5
What is -8 + -1 + 2 + 3?
-4
What is -8 - -3 - (-3 + 0)?
-2
What is the value of 0 + 2 - 0 - (-1 + -1)?
4
What is -4 + 5 + (0 - -6) - 2?
5
What is the value of -1 - (-1 + (0 - -1))?
-1
What is (4 - 4) + 0 + 2 + 0?
2
What is the value of 8 + -16 + (-2 - 1 - -4)?
-7
3 - (5 + (5 - 6) + 6)
-7
-9 - (-6 - (11 - 9))
-1
What is the value of 8 + 1 + -2 + 1 + -4?
4
3 + ((3 - 0) + -5 - -1)
2
22 + -25 + (1 - (-9 - -1))
6
What is 0 + -2 + -20 + (11 - -6)?
-5
(0 + -1 + 2 - 3) + 6
4
What is 35 - 32 - (-2 + 1 + -1)?
5
-6 + (-5 - -10) - -1
0
Evaluate 3 + -4 + 5 - 9.
-5
Calculate -1 + (0 - 4 - -4).
-1
What is the value of -8 + (6 - 0) + 9 + -7?
0
What is (1 - -1) + (-27 - -25)?
0
What is 5 - -2 - (2 - -1)?
4
What is the value of (1 - (-6 - -6)) + (1 - -1)?
3
What is -148 + 141 + -1 + 1?
-7
What is the value of 1 + 4 + -2 - (19 + -19)?
3
What is the value of 1 + 2 + -2 + -4 + 4?
1
Calculate 3 - 7 - (-5 - -3).
-2
(16 - 12) + (1 - 5) + 2
2
What is the value of -1 + 2 - (6 - 10)?
5
Evaluate 3 - (2 - ((1 - 6) + 0)).
-4
Calculate -8 - (-5 + -1 + 2).
-4
5 + -2 + 2 + 0
5
Calculate -3 + 1 + -2 + 2.
-2
56 + -64 - (-1 - (-2 + -1))
-10
Evaluate (3 - (7 - 5 - -4)) + 5.
2
3 + (-8 - -2) - -2 - 2
-3
0 + (2 - 4) + 3 + 1
2
Evaluate 1 + -4 - -2 - (-13 + 12).
0
Evaluate -13 + (-78 - -86) + -1 + -1.
-7
1 + (4 - 6) - -1 - 3
-3
65 - 54 - (6 + -1)
6
4 + 1 + 4 + -13 + 5
1
Calculate 7 + -5 - -9 - 7.
4
Evaluate (-1 - 1) + 27 + -29.
-4
Evaluate 10 - (-5 + -4 + 15).
4
Calculate (5 - (0 - -1 - 1)) + -2.
3
Evaluate (14 - 6) + -10 - -1.
-1
What is 4 + (3 - 3) + -5?
-1
Calculate -1 + (11 - 8) + -10.
-8
4 + (2 - 6) + 4
4
Calculate -11 - (0 - 8 - -13 - 11).
-5
What is 0 + (-1 - -5) + 6 - 5?
5
6 + -3 + -3 + 4
4
-15 - -12 - (6 - 2)
-7
1 + 2 + -5 + 4 + -3
-1
Evaluate -6 + (-3 - 1 - -10 - 3).
-3
What is -2 - 2 - 0 - -2 - 2?
-4
What is the value of -8 - (4 + 3 - 10)?
-5
Evaluate 1 - -1 - (7 + -6).
1
Evaluate -2 + (-2 - (0 - (2 + 2))).
0
Calculate (-7 - -10) + (2 - 8) + 1.
-2
Calculate -6 + (4 + -6 - -3).
-5
What is the value of 6 - 18 - (-8 - -1)?
-5
Evaluate -2 - -1 - (-8 + -9 + 21).
-5
Calculate (-8 - -4) + 5 + -7.
-6
-17 - -9 - (1 + -5)
-4
What is the value of 5 - 1 - (1 - (-9 - -8))?
2
Calculate 4 + 0 - (6 + 0).
-2
Calculate 15 + -4 - (-1 - -8).
4
Calculate -17 + 1 - (21 + -33).
-4
Evaluate (9 - (-3 - -10)) + 4.
6
What is the value of -5 + (7 + -2 - (6 - -2))?
-8
Evaluate (2 - -4) + (7 - 18).
-5
What is (4 - 9) + 3 - -1 - -1?
0
What is 8 + (-6 - 8) + 7?
1
What is the value of 5 + (-4 - 0) + 3?
4
Evaluate -3 - (0 + -4 + 0 + -5).
6
Calculate (2 - -2) + -3 + (-1 - 0).
0
What is the value of -1 + 2 + (0 - -13 - 4)?
10
What is 1 + -7 + 7 + (-2 - -4)?
3
2 + (-5 - -2 - 3) - -7
3
Calculate -2 - (0 - (1 - -5)).
4
(2 + 2 - 4) + 5 + 0
5
Calculate (6 + -7 - -4) + 2.
5
What is 7 + -5 - (-2 + 1)?
3
What is the value of 1 + -10 + (-1 - -6) + 0?
-4
Evaluate -3 + 2 + 0 - -2.
1
5 + (0 - (3 - 2))
4
What is the value of (34 - 39) + 2 + 1 + 1?
-1
What is the value of (-4 - (10 - 13)) + -7?
-8
What is 1 - 2 - (18 + -21)?
2
What is the value of 1 + -4 + 2 + (-1 - 0)?
-2
What is the value of 3 - (0 - 8 - -8)?
3
Evaluate -18 + (9 - (-9 + 10)).
-10
Evaluate 5 - (0 - (6 - 8)).
3
What is 0 + 8 - (-3 + -1 + 7)?
5
What is (-5 - -1) + 7 + 0?
3
(-3 - -1) + (-3 - -6)
1
Evaluate -1 + 4 - (8 - (11 + -2)).
4
What is 2 - (1 - 0 - 0) - 5?
-4
What is the value of 9 + -14 + 3 + 5?
3
What is the value of (1 - 5) + (-17 - -20) - 2?
-3
What is the value of 1 + -3 + (8 - (7 + -6))?
5
Calculate -9 + (-8 - (-17 - -4)).
-4
0 + 2 + (-11 - -6)
-3
-8 + 3 - (-3 - (3 - 1))
0
What is 6 + (9 + -16 - 9)?
-10
Evaluate 7 + 3 + -8 + -2.
0
(6 + 6 - 19) + 4 + 1
-2
Evaluate (-2 - 2) + 6 - 7 - 0.
-5
-2 + -3 + 0 + 4 + 1
0
What is 11 + (-1 - 8) - 9?
-7
2 + (1 + 4 - 5)
2
Calculate 7 - (-7 + 14 + -3).
3
What is the value of -7 + -8 - -9 - -6?
0
-2 - (2 + -5 + 7)
-6
What is 5 - (-6 + 8 + -1 + 1)?
3
5 + (-11 - -15) + -11 + 2
0
(-13 - -4) + 3 - -5
-1
What is the value of -3 + (3 - -10 - 5)?
5
What is -4 + (-3 - -2) + 6?
1
-6 - (-3 + 4 - 7 - -1)
-1
What is (-51 - -39) + (12 - 2)?
-2
Calculate -7 + (7 - -11) + -7.
4
What is -1 - 2 - -3 - (2 - 6)?
4
Evaluate -31 + 29 + (0 - -6).
4
Evaluate 0 - (1 - 2) - (1 + 5).
-5
(10 - -11) + -11 + -10
0
Calculate -9 + (1 - -19) + -14.
-3
15 + -4 + -3 - 10
-2
Evaluate 10 + -13 + -1 - 0.
-4
Calculate (3 - 7) 